+ (-6645 - -6631) + (3 - 11)?
-27
What is the value of (-1 - -12) + -12 + -10 + 6 + (54 - 0)?
49
(-4 - (-29 - (18 - 26))) + (-30 - -9)
-4
Evaluate (-4 + 2 - 2) + (1 - (-15 + -5 + -32)).
49
Evaluate 43 - (1 + -13 + (-6 - 5)).
66
What is (-9 - -5) + 5 + (13 - 8) + -22?
-16
59 + -15 + (-10 + 20 - 12)
42
Calculate -2 + -22 + (-107 - -183).
52
Evaluate 20 + 7 + -11 - 5 - ((63 - -2) + -2).
-52
What is 3 + (-3 + 9 + -6 - -11) - (-15 - 39)?
68
Evaluate (12 + -4 - (21 - 4) - -21) + -1.
11
Calculate 52 - (-16 - (-6 - 22) - (0 - -2)).
42
25 - (32 + -3 - 17) - -21
34
22 - (-10 + -1 - (-340 - -334))
27
(-34 - (5 + -46)) + (-91 - (1 - (-1 + 2)))
-84
What is (4 - (-71 + 11)) + (43 - 58)?
49
What is the value of (-44 - (25 + -34) - 15) + 1?
-49
(5 + (1 - 0) - (-8 + (-18 - 27))) + -4
55
2 + (-8 - -13) + -1743 + 1785
49
Calculate -8 + (9 - (38 - -11 - 9)).
-39
Calculate -2 - (4 - (-22 + 20) - (4 + 39)).
35
-19 - (5 - 3) - (-436 - -387)
28
What is the value of 71 - -1 - (-2497 + 2557)?
12
(88 - 2) + 8892 + -8948
30
Evaluate 1 + 0 + (49 - (-1 + -4)) + (21 - 28).
48
What is (-1 - -14) + (-196 + -1 - (1297 + -1360))?
-121
What is the value of -146 + -65 + 119 + 63?
-29
44 + 52 + -16 + -27
53
What is the value of (22 - 12 - -7) + 30 + -39?
8
What is 1 + (17 - (13 + (-11 - -11))) + -25?
-20
Calculate 0 + 95 + (-153 - -151) - (4 + (-1 - -5)).
85
What is 8 - (-254 - -252 - (-2 + (-27 - 1)))?
-20
Evaluate -95 - ((11 - 0) + -1 + (97 + -120 - -5)).
-87
(621 - 624) + (32 - -2)
31
Evaluate -36 - ((1 - -36) + -68).
-5
Calculate 75 - ((-6 - -2) + 27 + -33 + (58 - 57)).
84
Evaluate -49 + 130 - 50 - (23 - -1).
7
Calculate -6 + -6 - (-41 + -3 + 65).
-33
What is the value of -139 + 146 + 70 - (28 + -1)?
50
-100 + 124 + -20 + -59
-55
Evaluate -629 + 589 - (0 - 68).
28
What is the value of 0 + 30 + -41 + -26?
-37
-71 - (10 + -102) - 71
-50
Calculate -20 + 21 + -4 + 6 - -70.
73
-16 + 3 + -3 + 2 + 2391 + -2404
-27
Calculate -14 + 11 + -3 - (16 - 10) - -9.
-3
Calculate 2 + (36 - 28) + (28 - -2 - (4 - 0)).
36
Calculate (-85 - 9 - -196) + -43.
59
(15 + (-3 - -18) - (-2 + 15)) + 112
129
What is the value of 15 - (-1 + 14) - (-3 + 2) - 5 - -46?
44
What is the value of -28 + (2 - -14) - (-10 + -98)?
96
Calculate 30 - 2 - (-24 - -171 - 31).
-88
56 - ((1 - -2 - -5) + 43 + -38)
43
Calculate (5 - 0) + (12 - -2 - -15).
34
Evaluate 13 + (-12 - 1) + -64 + (19 - -19).
-26
What is the value of 2 - -11 - (-31 - (12 + -5 + 9))?
60
Evaluate -27 + (-41 + 91 - 127).
-104
-39 - (-90 + 1 + 22)
28
What is the value of -30 + 12 + -5 + 4 + (26 - (21 + 8))?
-22
What is the value of -11 + -34 - -2 - (489 - 624)?
92
Calculate -34 - (-60 + (110 - 34)).
-50
What is the value of -17 + 5 + 10 - (-17 - 8 - -5)?
18
Evaluate 59 + (0 - 2) + -30 + 28 + (10 - 15).
50
-81 - (-23 + (-56 - -35))
-37
What is 98 - (-6 - -2) - (-6 + (-25 - (-8 - 8)))?
117
-70 + 4 + 2 + (4 - (2 - 2))
-60
What is the value of 45 - (20 + -3 + 4 + -21 + 8)?
37
What is -2 - ((38 - 39) + (-2 - 5)) - 12?
-6
What is the value of -35 - 1 - (2006 - 2051)?
9
Calculate 10 - (107 + -15 + 13 + 1 + -2).
-94
What is the value of (212 - 220) + -4 + (3 - -54)?
45
(-3 - ((4 - 15) + 14)) + -5 + 83
72
1 + (-7 + -64 - (21 + -27))
-64
-20 + 26 + (16 - -19) + -71
-30
Calculate -15 - 1 - 2 - -4 - (239 + -240).
-13
Calculate -9 + 14 + (0 - 4 - 64 - (-15 + 8)).
-56
What is the value of (0 + -48 - (1763 + -1810)) + 43 + 1?
43
What is the value of -35 + 15 + -38 + 19?
-39
(-161 + 179 - (26 - 1)) + -1 + 160 + 0
152
Calculate (-67 - (-26 - 20)) + -1 + 39.
17
Evaluate (8 - (9 - 2 - 12)) + 0 + -7 + -31.
-25
Calculate -15 + 46 + 10 - 1 - 122.
-82
Evaluate (241 - 67) + -17 - 116.
41
What is (-24 - (54 + (-13 - -10))) + 8 + 0 - -7?
-60
Evaluate -31 + (-28 - (36 + -67)).
-28
Calculate 91 - (29 + -86 - -185).
-37
What is 50 - (-28 - (-67 - (-9 + 1)))?
19
Evaluate ((-2 - (5 - 17)) + -5 - -111) + 0.
116
-87 - ((0 + 13 + -2 - (-123 + 146)) + 25)
-100
Calculate 160 + (-94 - -39) - 27.
78
5 - (112 + (-208 + 192 - (-9 - 1)))
-101
33 + (-18 - 12) + 1 + -16
-12
What is the value of 14 + -55 + 44 - 75?
-72
Calculate (-2 + 22 + -6 - 80) + -73 + 88.
-51
What is (-59 - -52 - 3 - -24) + -2 + 84?
96
What is -51 - 0 - (-36 - (5 - 5 - (111 + -88)))?
-38
What is the value of 8 + (-21 - 11 - (0 + -33))?
9
What is 75 - (17 + 25) - 63?
-30
What is -63 - (143 + -58 + -52)?
-96
What is (6 - (37 - 16)) + (25 - -1)?
11
What is (6 - -5 - ((-5 - -11) + 1)) + (58 - -17)?
79
Evaluate -59 + 168 + -63 - 41.
5
What is the value of 4 + -25 + -21 - (-3 + 2 - -7 - 3)?
-45
What is the value of (2 - 8) + -2 + (-10 - (18 - 18))?
-18
Evaluate 21 + 0 + -18 + 114 + -72.
45
Calculate (-32 + (1 - 6) - (17 - 20)) + 4.
-30
(-53 - (22 + (-1 - 50))) + (-92 - -1)
-115
What is (1 - -6) + (-13 - (12 + (38 + -27 - 11)))?
-18
What is 44 + -42 + (-50 - -55)?
7
(-53 - (4 + -16)) + -4 + 19 + -6
-32
What is -11 + 3 + -72 - (-4 - (-3 + (-26 - -19)))?
-86
165 + -1 + 1924 + -2015
73
What is 134 + (-86 - (-154 - -98))?
104
What is 7 + -22 + 21 + (-15 - 4) + 88?
75
What is the value of 50 - (4 + 39) - -13?
20
Evaluate -19 + 144 + -114 + 67 + 1 + 0 + -1.
78
What is -27 + 47 + (30 + -2 - -35)?
83
What is the value of (68 - 100) + (-7 + 5 - -1)?
-33
What is 207 - (81 + 50 - 60)?
136
Evaluate -114 + (114 - 103) - -16.
-87
What is the value of -4 + (1 - -58) + (-227 - -228) - (-1 - 3)?
60
What is (7 - (-16 - (-33 + 1))) + 18?
9
What is 45 - (15 - (5 + (36 - 20)))?
51
Evaluate 51 + (-11 - -13 - -13) + 4 + -14.
56
What is the value of -6 + 0 + (41 - 18 - 21) - -51?
47
What is the value of -746 + 744 - (11 + (0 + -3 - -1))?
-11
(5 + -1 - -4) + (9 - 14 - (-37 + -9))
49
What is the value of 26 + -15 + (20 - (14 + 79 - 13))?
-49
What is the value of (1 - 32) + 28 - 36 - 78?
-117
What is the value of 31 + -19 + 2 + (-44 - -39) - (1 - -29)?
-21
Evaluate (-3 - 41 - -6) + -15 + (19 - -9).
-25
What is (-42 - (-6 + 29)) + 21?
-44
What is the value of 20 - -20 - (-2 + -5 - -7) - 4?
36
What is the value of 11 + -6 - (-2 - -4) - -9 - -1?
13
Evaluate 14 + (-8 - (-4 + -14)) + 4.
28
What is the value of 0 + 12 + (-51 + 75 - (-3 - -51))?
-12
Evaluate -2 + (77 - 2 - (-1 + (-20 - (-22 - 1)))).
71
(-116 + 125 - (3 - 2)) + 22 + -4
26
Evaluate -2 - -5 - (32 + 2) - (152 - (-162 - -305)).
-40
What is the value of (59 - -25) + (-7 - 5) + -4 + 12?
80
Calculate 1 + 5 + (-525 - -625 - (2 - -21)).
83
What is 86 - 4 - (-3 - -7) - (57 + -13 + -46)?
80
What is 7 - (-23 - ((9 - 11 - 0) + -5))?
23
Evaluate (-9 - (14 + -21)) + 23 + 21.
42
Evaluate (-21 + 4 - -1) + (43 - -7 - 62).
-28
Calculate 0 + 2 + (-1 - -11) - 49 - 6.
-43
What is -31 + (66 - 148) + 83?
-30
What is the value of 1019 + -991 + (-6 - -1)?
23
Calculate 34 - 2 - ((7 - -14) + -27) - -2.
40
Evaluate 100 - (-6 - -127 - -65).
-86
What is the value of 32 - (-54 + 56 + 54)?
-24
What is -22 - (-7 + 4 - -1) - (-33 + -3)?
16
What is the value of -56 + 16 + 54 + (87 - 0) + (13 - 3)?
111
What is the value of -65 + (-126 - -23) + 163?
-5
What is (8 - (-12 + -2 - 10)) + (21 + -6 - 5)?
42
(-7 - -27) + 14 + (-21 - (-11 - 6))
30
Evaluate -6 + 3 - (81 + -89 + (-4 + -16 - -3)).
22
What is the value of -18 + -7 + 21 + 12 + -54?
-46
Calculate (-1 - -99) + (14 - (-19 + 32)) + -22 + 12.
89
What is 24 + -38 + -53 + 54?
-13
Calculate 3 - 14 - (-8 + -2 - (214 - 230)).
-17
What is -115 - -12 - (40 - 64)?
-79
Evaluate (-496 - -476) + 61 + (2 - -3).
46
91 - (17 - (0 + -5) - 1)
70
What is the value of 46 + -2 + -5 - (931 + -902)?
10
What is the value of -24 + 65 + 22 + 4?
67
Evaluate -7 + -4 + 0 - (-263 - -282).
-30
Calculate -63 + 88 - -17 - 90.
-48
What is (-32 + 74 - 59) + -36?
-53
14 + 73 + 45 + -6 + -42
84
Calculate (4 - 4) + 92 + (-54 - -21 - -9).
68
Calculate 54 + (-14 - (43 + -57)).
54
Evaluate 127 + (7 - 144 - -92).
82
4 + -31 + -47 + 73 + -55
-56
What is the value of (-123 - -79 - -63) + 11?
30
What is 20 + 5 + 87 + -87?
25
Calculate (-1 - -10) + -1 + 2 - (-18 + (12 - -3)).
13
Calculate -57 - -45 - -37 - -117 - 5.
137
-153 + 143 + (1 - 2) + 51
40
Evaluate 36 - (19 + -20 - -28).
9
(716 - 749) + (5 - (6 + 54))
-88
What is the value of 46 + 35 + -36 - 92?
-47
2 - -14 - ((-31 + 96 - 36) + 3)
-16
What is the value of -58 + 57 + (-1 - 6 - (67 - 51))?
-24
What is 34 + (-2 - -3) + -10 - -8?
33
Evaluate -30 + (-18 + 1 - (-30 + 33)).
-50
W